 -76 - ba?
-174
In base 9, what is 5 - -237?
243
In base 8, what is 5 + 75?
102
In base 15, what is 80 + 2?
82
In base 12, what is 168 - -12b?
297
In base 6, what is -2143 + -32?
-2215
In base 10, what is -4 + -90?
-94
In base 4, what is -23 - 20301?
-20330
In base 10, what is 1 - -153?
154
In base 4, what is -1022033 + 0?
-1022033
In base 10, what is -7226 + -2?
-7228
In base 4, what is -12221111 - -1?
-12221110
In base 8, what is -24 - -273?
247
In base 13, what is 6 - 77c?
-776
In base 9, what is 3 - -2647?
2651
In base 13, what is -2 + 430?
42b
In base 13, what is -16 - -2b?
15
In base 4, what is 20 - 1023?
-1003
In base 4, what is 3121 - -2?
3123
In base 5, what is -333 - -2?
-331
In base 8, what is 3 + 24?
27
In base 14, what is 4 + -11a5?
-11a1
In base 11, what is 8128 + -5?
8123
In base 12, what is 17 - 6?
11
In base 9, what is -3846 - -3?
-3843
In base 10, what is -2135 + -5?
-2140
In base 16, what is -1 + -1273?
-1274
In base 14, what is -7d + -9?
-88
In base 10, what is 19 - -64?
83
In base 14, what is -4c + -b?
-59
In base 10, what is -2 + -4?
-6
In base 14, what is 53b + -2?
539
In base 16, what is -5e - 4?
-62
In base 4, what is -1320 - 10?
-1330
In base 5, what is -11 + 11330?
11314
In base 2, what is 100101001110 + 1?
100101001111
In base 2, what is -10 + 100100?
100010
In base 14, what is 22 + a?
2c
In base 16, what is -3 + -236?
-239
In base 14, what is 5 + 2a4?
2a9
In base 2, what is -11001 + 10?
-10111
In base 9, what is -10 + -24?
-34
In base 15, what is -5 + -4?
-9
In base 2, what is -1101000100100 + -100?
-1101000101000
In base 9, what is -44 - 25?
-70
In base 4, what is -2201 - 11?
-2212
In base 11, what is -98 - -4?
-94
In base 15, what is -22 - -1?
-21
In base 15, what is -1 - -1ece?
1ecd
In base 2, what is -11 - -111011100?
111011001
In base 2, what is 1100000001 - 101?
1011111100
In base 15, what is -cea + -2?
-cec
In base 9, what is 1532 - -5?
1537
In base 14, what is -7 - 144?
-14b
In base 7, what is -3 + -1614?
-1620
In base 2, what is 110001 - 10?
101111
In base 4, what is 11 - 203?
-132
In base 5, what is -24342 + -2?
-24344
In base 2, what is -1100 - 111?
-10011
In base 16, what is 1 - 3a?
-39
In base 9, what is 1 + 35?
36
In base 4, what is -131 + 13?
-112
In base 2, what is -1110001 - 100100?
-10010101
In base 13, what is c46 + 0?
c46
In base 2, what is 10 + 1001?
1011
In base 3, what is -10 - 102111?
-102121
In base 7, what is -10100 - -5?
-10062
In base 2, what is 10 + -111001010?
-111001000
In base 5, what is -13 - -122?
104
In base 8, what is -11 - 101?
-112
In base 14, what is 0 - -105a?
105a
In base 14, what is -3 - -430?
42b
In base 7, what is 31 + -116?
-55
In base 13, what is c - -12?
21
In base 4, what is 11 + -13213?
-13202
In base 14, what is -63 + 4?
-5d
In base 5, what is -3 - 3142?
-3200
In base 10, what is -68 - 3?
-71
In base 11, what is 66 - -3?
69
In base 4, what is 3 - -13?
22
In base 3, what is 111002 - -212?
111221
In base 9, what is 206 + -7?
188
In base 9, what is 6 + 37?
44
In base 2, what is 101 + 10000?
10101
In base 6, what is -1 - 1210?
-1211
In base 2, what is -11 + 111111?
111100
In base 11, what is -4 + -772?
-776
In base 15, what is 26 + -5?
21
In base 14, what is -4 - 2c?
-32
In base 6, what is 2 - 230?
-224
In base 8, what is -5052 + 1?
-5051
In base 13, what is 5 - -2b?
33
In base 6, what is 301 - -24?
325
In base 6, what is -2 + 5?
3
In base 4, what is -110 - 0?
-110
In base 14, what is 1c0 + -2?
1bc
In base 11, what is -379 + 1?
-378
In base 14, what is -20 + 58?
38
In base 15, what is 177 - -3?
17a
In base 7, what is -15 - 11?
-26
In base 14, what is 1 + 1430?
1431
In base 10, what is 186 - -4?
190
In base 16, what is -298 + 2?
-296
In base 2, what is -101101111101 + 1?
-101101111100
In base 11, what is 12 - -269?
280
In base 10, what is 4 - -13?
17
In base 7, what is -260 - 2?
-262
In base 12, what is -3a - 73?
-b1
In base 7, what is -131 - 36?
-200
In base 3, what is -20011010 - 1?
-20011011
In base 5, what is -41431 + 0?
-41431
In base 8, what is -607 - 2?
-611
In base 9, what is -6 - -456?
450
In base 6, what is -13 + -1?
-14
In base 8, what is 47164 + -1?
47163
In base 15, what is 453 - -5?
458
In base 9, what is 4 + 1448?
1453
In base 11, what is 4 - -2a4?
2a8
In base 14, what is 8 + -41?
-37
In base 8, what is 5 - 421?
-414
In base 4, what is 210 + 331?
1201
In base 16, what is d9d - 5?
d98
In base 3, what is 2200 + -2?
2121
In base 13, what is 1791 + 3?
1794
In base 11, what is 2 + 1268?
126a
In base 14, what is 3 - -bc?
c1
In base 5, what is -144002 - -2?
-144000
In base 14, what is -5 - -88?
83
In base 2, what is -1000110101001100 + 0?
-1000110101001100
In base 7, what is -4 - -534?
530
In base 14, what is -72d7 + 3?
-72d4
In base 4, what is 1122 + 0?
1122
In base 14, what is -2 + -2a?
-2c
In base 7, what is -16565 - 0?
-16565
In base 13, what is b9 - 2?
b7
In base 8, what is 72 + -17?
53
In base 16, what is -3 + -517?
-51a
In base 9, what is -6 - 2?
-8
In base 8, what is -3 + -110?
-113
In base 15, what is -44 + -2?
-46
In base 10, what is 165 + 15?
180
In base 13, what is -22 + 2?
-20
In base 9, what is 747 + -18?
728
In base 10, what is -15 + 741?
726
In base 2, what is -10100000 - 0?
-10100000
In base 3, what is 0 - -1201022?
1201022
In base 10, what is -3 + -32?
-35
In base 14, what is 1b2 + 5?
1b7
In base 12, what is 1 - 48?
-47
In base 13, what is -16 + 16?
0
In base 2, what is -10 - -1000110?
1000100
In base 15, what is -33 - 85?
-b8
In base 8, what is 3 + -41?
-36
In base 9, what is 2 + -144?
-142
In base 8, what is 141 + 2?
143
In base 13, what is 19 - -1?
1a
In base 4, what is 0 - -210203?
210203
In base 2, what is 1 - -11101001?
11101010
In base 9, what is 2 + 357?
360
In base 15, what is 3e - -2?
41
In base 15, what is -e + -7?
-16
In base 3, what is 2010 - 10?
2000
In base 11, what is 1 + 452?
453
In base 13, what is -19 + 5?
-14
In base 8, what is -417 + -5?
-424
In base 9, what is 16423 - 3?
16420
In base 5, what is -1 - 31422?
-31423
In base 2, what is 1100111110 + -101?
1100111001
In base 7, what is 100100 + -3?
100064
In base 7, what is 0 + 1202?
1202
In base 6, what is -1320 + -5?
-1325
In base 2, what is -1111100 + 10000011?
111
In base 7, what is -623 + 3?
-620
In base 5, what is 2 + -120?
-113
In base 14, what is c0 + 1?
c1
In base 11, what is 4 - -144?
148
In base 2, what is -1010000 + -110100?
-10000100
In base 12, what is 162 - 10?
152
In base 4, what is -101100 - -2?
-101032
In base 12, what is 17 + 32?
49
In base 12, what is -10b + 0?
-10b
In base 6, what is 314 - 1?
313
In base 16, what is 1720 - 4?
171c
In base 13, what is -5 + 116?
111
In base 14, what is -17 - -1c?
5
In base 12, what is -16 - 387?
-3a1
In base 3, what is -222202102 - 10?
-222202112
In base 10, what is 38 - -10?
48
In base 14, what is 3d5 - 2?
3d3
In base 10, what is -537 - 0?
-537
In base 3, what is 111011 + 12?
111100
In base 4, what is 102 + -11?
31
In base 10, what is -459 + 25?
-434
In base 14, what is -86 + 5?
-81
In base 6, what is -121 - 5?
-130
In base 9, what is 1 + 528?
530
In base 5, what is 1204 - -10?
1214
In base 8, what is -23 - 130?
-153
In base 9, what is 826 - -3?
830
In base 9, what is -853 - -4?
-848
In base 12, what is -912 + -20?
-932
In base 5, what is -1231 + 0?
-1231
In base 5, what is 4221 + 10?
4231
In base 8, what is 1 - 3327?
-3326
In base 16, what is 2 - -28?
2a
In base 14, what is -ca + -4?
-d0
In base 5, what is -2 - -220?
213
In base 8, what is 3 + -52?
-47
In base 15, what is 9d - 1?
9c
In base 11, what is 5 - 141?
-137
In base 5, what is 131 - -3?
134
In base 16, what is 7 + -34?
-2d
In base 3, what is 11 + 10211?
10222
In base 7, what is -2 + 43?
41
In base 8, what is -2 + -41?
-43
In base 11, what is 3 + -2?
1
In base 16, what is -3 - 26?
-29
In base 3, what is 100 - 100?
0
In base 13, what is 2 - 2b44?
-2b42
In base 2, what is 1010 + -1001011?
-1000001
In base 5, what is 30 + -31?
-1
In base 2, what is 110 + 100111101?
101000011
In base 9, what is -1 + 242?
241
In base 16, what is 3 - 1?
2
In base 6, what is -4144 + 1?
-4143
In base 3, what is 200121 + 12?
200210
In base 13, what is -3 - -5b?
58
In base 7, what is 100 + -30?
40
In base 13, what is a - -4b?
58
In base 8, what is 3223 + 5?
3230
In base 9, what is -1466 - 